i - 10. Let q be z(-3). Let a be q/((-4)/20) + -2. Suppose 0 = 5*y - p - 164 - 353, -315 = -a*y + 3*p. What is the units digit of y?
3
Suppose -t - 84 = -4*w, 2*t = -0*t + 4*w - 172. Let h be (-30)/6*t/10. Let m = 3 + h. What is the tens digit of m?
4
Suppose 5*o + 5 = 0, -x + 6 = -4*x - 3*o. Let k(z) = -41*z - 1 + 3 - 19*z + 13*z - 89*z. What is the tens digit of k(x)?
3
Suppose -m - 5*r = 4*m - 435, 2*m + r = 179. Suppose -5*z = -20, -3*y - 2*z + 2 + 12 = 0. Let j = m - y. What is the units digit of j?
0
Let j(c) = 3854*c - 3626. What is the thousands digit of j(6)?
9
Let i = -15 + 27. Let d be 2/(-3) + 284/i. Suppose -18*n + d*n = 1075. What is the hundreds digit of n?
2
Let m(s) = 8*s**2 - 2*s + 4. Let x be m(3). Suppose -3*n - i = -218, 20*n = 24*n - 3*i - 308. Let g = n - x. What is the units digit of g?
4
Let z(y) = 2*y + 59. Let n be z(-26). Suppose n*a = 77 - 133. What is the units digit of (335/10)/((-2)/a)?
4
Let r(s) = 14*s - 23. Let z be 4/2 + (-7)/((-7)/2). Let h be (240/(-42) + z)/(2/(-7)). What is the units digit of r(h)?
1
Suppose 54*z + 89292 = 68*z. What is the tens digit of z?
7
Suppose 7*g = 10 + 18. Suppose -g*t - 18 = j, -t - 10 = t + j. What is the tens digit of t - 164/(-2) - (2 - 2)?
7
Suppose -2*j + j - q = 21, 3 = q. Let n(i) = -16*i - 5. What is the hundreds digit of n(j)?
3
Suppose 14*u + 12*u + 186623 = 731193. What is the hundreds digit of u?
9
Let s be (1042/8)/(358/(-40) - -9). Suppose -i - s = -6*i. What is the tens digit of i?
2
Let m(g) = 400*g - 529. What is the hundreds digit of m(11)?
8
Suppose -3*a + 367988 = 5*o + 44847, -3*a = -7*o + 452347. What is the thousands digit of o?
4
Suppose -8*t = -17*t + 45. Suppose t*a = -v - 11, 0 = 5*a + 15 - 0. Suppose -v*x + k = -77, -3*k + 49 = -x + 3*x. What is the tens digit of x?
2
Suppose 5*l + 25 = -5*v - 65, 4*v + 67 = l. Let n(i) = 7*i**2 + 7*i - 255. What is the tens digit of n(v)?
4
What is the ten thousands digit of 42215/(7*(-75)/(-210))?
1
Let l(c) = 38*c**2 + 19*c + 157. What is the thousands digit of l(20)?
5
Let y = 41 + -36. Suppose y*j = 16 - 1. Suppose 3*t - i - 4*i - 244 = 0, -j*i + 350 = 5*t. What is the units digit of t?
3
Let x(l) = -l**3 - 8*l**2 - 13*l - 58. What is the tens digit of x(-10)?
7
What is the thousands digit of ((675/(-150))/(9/366))/(2/(-410))?
7
Let z = 107 - 128. What is the units digit of (54/12)/(z/(-6692))?
4
Let b(r) = 2*r**3 - 56*r**2 + 17*r - 61. Let m be (56 - 0)*30/60. What is the units digit of b(m)?
5
What is the units digit of 15310*-4*(-14)/112?
5
Let i = -201 + 22. Let l = i - -592. Suppose -4*n - 33 = -l. What is the tens digit of n?
9
Let f = 12973 - -6569. What is the thousands digit of f?
9
Suppose 0 = -5*y - 80 - 25. Suppose g - 48 = -z, g + 2*g - 3*z = 114. Let v = g - y. What is the tens digit of v?
6
Let b(v) = -25*v**2 + 2. Let y(t) = -4*t**2 + 10*t**2 - 28*t**2 - 3*t**2 + 2. Let f(w) = 5*b(w) - 6*y(w). What is the units digit of f(-3)?
3
Suppose -4*g - 4 = 0, 45*d - 47*d + 3*g = -19293. What is the tens digit of d?
4
What is the tens digit of 16/(-5) - 5303907/(-285)?
0
Let i(z) = 7 - 117*z + 19 + 635*z + 33 - 31. What is the thousands digit of i(2)?
1
Let i = -16439 - -25533. What is the thousands digit of i?
9
Let b be 20/6 + 4 + 70/(-21). Suppose 0 = b*n - 20, 831 = 3*x - 4*n - 223. What is the tens digit of x?
5
Suppose -26952 = -i + 4*a, -2*i - 2*a + 44944 = -9040. What is the tens digit of i?
8
Let q(k) = -570*k - 4. Let s be q(-5). Suppose -7*h = -s - 262. What is the tens digit of h?
4
Suppose -2*s + q + 6 = 0, 0 = -3*s + s + 3*q + 10. Let b(g) = -g**s + 0*g**2 + g**3 + 15 + 2*g**2 - 10*g + 13*g. What is the tens digit of b(5)?
8
Let s = -2155 + 3839. Suppose -23*p + 19*p = -s. What is the hundreds digit of p?
4
Suppose 0 = 5*h - 4 - 1. Suppose 6*k - h + 1 = 0. Suppose k = 9*a - 1733 + 509. What is the units digit of a?
6
Let i be 4172/6 + 3/(-9). Let n = 291 - 769. Let k = i + n. What is the hundreds digit of k?
2
Let y(r) = -3*r**2 - 270*r - 102. What is the tens digit of y(-37)?
8
Suppose 0 = -m - 4, g + 5*m = 4*g - 26. Suppose 4*q + 5*i = 8*i + 835, g*q - 2*i - 420 = 0. What is the units digit of q?
5
Let t = 34 - 70. What is the hundreds digit of (t/15 - -2) + 7399/35?
2
Let p be 4/((-24)/(-20) + (-2)/5). Suppose -3*r - o = -2245, 5*r - 2968 = r + p*o. What is the tens digit of r?
4
Suppose -16*s + 30 + 82 = 0. Suppose -524 = s*u - 3821. What is the tens digit of u?
7
Let c be (-24)/(-6)*1*204. Suppose 0 = 2*m - 3*m - i + 801, -m = -2*i - c. What is the hundreds digit of m?
8
Let k(c) = -c + 5. Let b be k(5). Suppose 4*d + 48 = 3*z, b = 3*z - 4*d + 3*d - 39. What is the units digit of z/16 + (-10)/(-8) + 60?
2
Suppose 0 = -3*h + 12, -5*a - 64 = -a + 2*h. Let y be (-15)/a*-3*(-16)/10. Suppose -y*s + 118 = r, -5*s + 5*r - 26 = -186. What is the tens digit of s?
3
Suppose 0 = -4*b + 3*m + 135 - 16, 0 = 5*b - 5*m - 145. Let r be 66/(-4*(-4)/b). What is the units digit of (3/(-4))/((-1)/r)?
9
Suppose 2*s + 539 = -309. What is the units digit of 3 - ((-6)/(-8))/(2/s)?
2
What is the units digit of (-115)/(-460) + (-64110)/(-8)?
4
Let s = -5317 - -5324. Let i be 271*(0/1 - -1). Suppose -3*t = -s*t - c + i, -5 = 5*c. What is the units digit of t?
8
Let v(x) = -1005*x - 403. What is the units digit of v(-4)?
7
Let c(m) = -25*m + 18. Suppose 3*f + r = -3*r - 14, 5*f + r = -29. What is the tens digit of c(f)?
6
Suppose 15*b = -4*y + 12*b + 83302, -6*y + 124920 = -b. What is the thousands digit of y?
0
Let m = 594 - 313. Suppose 2*d - m = 643. What is the tens digit of d?
6
Let s = -1 + 0. Let w be (4/(-10) - (-132)/(-165))/((-3)/20). What is the tens digit of 85 + (-4 + w)*s?
8
Let b(h) = 584*h**2 + 338*h + 2567. What is the units digit of b(-8)?
9
Suppose s - 5*y - 4 = 0, 4*y - y + 64 = 5*s. Suppose -s*j + 21*j = 2737. What is the units digit of j?
1
Let r = 15445 + -5849. What is the hundreds digit of r?
5
Let k = 42 - 58. Let t be (18/(-6))/((-6)/k). What is the tens digit of 61 + -4*6/t?
6
Let m = -8252 + 14369. What is the tens digit of m?
1
Let f = 39089 + -23453. What is the ten thousands digit of f?
1
Suppose 31*g = 33*g - 1122. Suppose 0 = 64*c - g - 42255. What is the hundreds digit of c?
6
Suppose 10 = -s + 5*a, -2*s = 3*s + a + 24. Let c = -5683 + -145. What is the hundreds digit of c/(-24) + -1 + s/(-30)?
2
Let z(p) = p**2 - 5*p**2 + 2 + 10*p**2 + 4 - 3*p. Let f(m) = m**2 + 1. Let k(y) = -5*f(y) + z(y). What is the units digit of k(3)?
1
Suppose 5*w + 2*o - 144144 = 0, -3*w - 5*o - 12209 + 98703 = 0. What is the tens digit of w?
2
Let o be 2 + 0 - 0*(3 - 2). Let g be 3 - (o + 3*(-1)/(-3)). Suppose -5*x + 2*p = 5*p - 302, 2*p - 8 = g. What is the units digit of x?
8
Suppose -2*k + c + 12 = 0, 0 = 2*c + 2*c + 8. Suppose k*v - 10*v = -25. What is the units digit of (-1 - 2 - 7)*v/(-2)?
5
What is the thousands digit of (-16)/(-75 - -71 - (43707/(-14571) + -1))?
8
Suppose 261016 + 550729 = 67*v + 244724. What is the thousands digit of v?
8
Suppose -13*g - 276 = -25*g. Let h(a) be the third derivative of -a**6/120 + 2*a**5/5 - 19*a**4/24 - 11*a**3/3 - a**2. What is the units digit of h(g)?
0
Let l(s) = -58*s + 2. Let i be l(-1). Suppose i = 3*x - 3*j, 0 = j - 0*j + 2. Suppose -4*r + 5*a + x + 257 = 0, 0 = 3*r - a - 209. What is the units digit of r?
0
Let k be (-42)/(-4)*(-14)/(-21). Suppose -k*f = -f. Suppose -5*o = -s - f*s + 61, 4*s + o = 139. What is the tens digit of s?
3
Let l(x) = 1441*x**2 + 58*x + 256. What is the hundreds digit of l(-4)?
0
Let c = 10 + 3. Let t(h) = 2*h**3 - 1. Let l(z) = 9*z**3 - 13*z**2 - 6*z + 20. Let j(g) = -l(g) + 4*t(g). What is the units digit of j(c)?
4
Suppose -b = b + 4*u + 126, 0 = 5*b + u + 342. Let m be -1 + (-718)/5 - 20/50. Let i = b - m. What is the units digit of i?
6
Let k(w) be the first derivative of -19*w**2/2 + 5*w + 114. What is the tens digit of k(-12)?
3
Let o be (6/7)/3 - 172/602. What is the units digit of (3/(o - 6))/(37/(-50024))?
6
Let t = -57 - -28. Let b = t + 32. What is the units digit of (-206)/(-6)*b*(1 + 0)?
3
Suppose -5 = -2*y + 3*p + 91, y = 5*p + 62. Suppose 2*h + h + 238 = 5*r, 0 = r - 2*h - y. Let u = 42 + r. What is the tens digit of u?
9
Suppose -50*n = -60*n - 260. Let a = n - -187. What is the tens digit of a?
6
Suppose 